31090?
9
What is the units digit of 68311082?
2
What is the thousands digit of 32377682?
7
What is the hundred thousands digit of 65204745?
2
What is the millions digit of 10240815?
0
What is the hundred thousands digit of 1016610102?
6
What is the ten millions digit of 88139204?
8
What is the thousands digit of 1187127150?
7
What is the millions digit of 83138522?
3
What is the units digit of 543311298?
8
What is the hundred millions digit of 238527138?
2
What is the thousands digit of 2221707460?
7
What is the hundred millions digit of 2769096949?
7
What is the ten millions digit of 396021771?
9
What is the millions digit of 1182473847?
2
What is the hundreds digit of 17168366?
3
What is the hundreds digit of 89754721?
7
What is the units digit of 128666769?
9
What is the hundred thousands digit of 287515378?
5
What is the hundreds digit of 32649994?
9
What is the millions digit of 24777308?
4
What is the ten millions digit of 2669025728?
6
What is the millions digit of 25168032?
5
What is the ten thousands digit of 1127236033?
3
What is the hundred thousands digit of 528206422?
2
What is the tens digit of 1241399488?
8
What is the hundred thousands digit of 11441806?
4
What is the thousands digit of 70505663?
5
What is the hundreds digit of 899812936?
9
What is the ten thousands digit of 735410766?
1
What is the thousands digit of 85530843?
0
What is the ten thousands digit of 3530937545?
3
What is the hundreds digit of 14826143?
1
What is the thousands digit of 50326828?
6
What is the millions digit of 100809968?
0
What is the tens digit of 1653560804?
0
What is the units digit of 120016448?
8
What is the millions digit of 23987048?
3
What is the ten thousands digit of 537012527?
1
What is the hundred thousands digit of 549714968?
7
What is the hundreds digit of 81093919?
9
What is the tens digit of 4938137?
3
What is the ten thousands digit of 350089293?
8
What is the hundred thousands digit of 335147278?
1
What is the ten thousands digit of 5143409746?
0
What is the tens digit of 1576677041?
4
What is the hundred thousands digit of 6423633739?
6
What is the ten thousands digit of 502337672?
3
What is the millions digit of 139237947?
9
What is the tens digit of 48923629?
2
What is the hundreds digit of 3709426602?
6
What is the hundred thousands digit of 2303229994?
2
What is the tens digit of 660030228?
2
What is the ten thousands digit of 249827261?
2
What is the millions digit of 43367718?
3
What is the hundreds digit of 969707380?
3
What is the tens digit of 26399950?
5
What is the thousands digit of 372143842?
3
What is the hundred millions digit of 1475587288?
4
What is the ten millions digit of 110376862?
1
What is the hundreds digit of 4172780889?
8
What is the hundred thousands digit of 2544991684?
9
What is the units digit of 81611585?
5
What is the thousands digit of 46547250?
7
What is the ten millions digit of 22678635?
2
What is the hundreds digit of 63060069?
0
What is the ten thousands digit of 67396179?
9
What is the hundred millions digit of 490161154?
4
What is the hundred thousands digit of 212671831?
6
What is the ten thousands digit of 123777059?
7
What is the thousands digit of 80806006?
6
What is the hundred thousands digit of 691654552?
6
What is the millions digit of 205315176?
5
What is the ten thousands digit of 1960870642?
7
What is the thousands digit of 19296587?
6
What is the hundred millions digit of 1263912864?
2
What is the ten millions digit of 1435476910?
3
What is the hundreds digit of 125233168?
1
What is the ten thousands digit of 393310549?
1
What is the thousands digit of 198883755?
3
What is the hundred thousands digit of 52594053?
5
What is the hundred thousands digit of 124802468?
8
What is the millions digit of 53499806?
3
What is the ten thousands digit of 35392816?
9
What is the millions digit of 323914290?
3
What is the millions digit of 52611012?
2
What is the tens digit of 1227540688?
8
What is the billions digit of 6290450515?
6
What is the hundreds digit of 51696591?
5
What is the millions digit of 106396793?
6
What is the millions digit of 1061000228?
1
What is the thousands digit of 810398414?
8
What is the hundred millions digit of 1720237610?
7
What is the ten millions digit of 77393198?
7
What is the ten millions digit of 26176249?
2
What is the hundred millions digit of 557445995?
5
What is the millions digit of 396164195?
6
What is the hundred thousands digit of 468917515?
9
What is the hundreds digit of 93096843?
8
What is the tens digit of 35850595?
9
What is the hundreds digit of 254144949?
9
What is the hundred thousands digit of 349288357?
2
What is the ten millions digit of 1806671616?
0
What is the ten thousands digit of 1298212112?
1
What is the units digit of 56738688?
8
What is the millions digit of 6278274066?
8
What is the tens digit of 19712942?
4
What is the thousands digit of 199895462?
5
What is the ten millions digit of 107321855?
0
What is the millions digit of 172433357?
2
What is the ten millions digit of 6382425360?
8
What is the ten millions digit of 1451065958?
5
What is the ten thousands digit of 2220132130?
3
What is the ten thousands digit of 592660616?
6
What is the ten thousands digit of 1604812144?
1
What is the hundreds digit of 2330899695?
6
What is the ten thousands digit of 42817121?
1
What is the tens digit of 311531458?
5
What is the thousands digit of 783047533?
7
What is the units digit of 9697727?
7
What is the millions digit of 143155158?
3
What is the hundred thousands digit of 1103508073?
5
What is the thousands digit of 1965928229?
8
What is the millions digit of 75506894?
5
What is the tens digit of 142786735?
3
What is the ten thousands digit of 6821334?
2
What is the ten millions digit of 25064389?
2
What is the ten millions digit of 173017754?
7
What is the hundred thousands digit of 27487235?
4
What is the hundreds digit of 917312287?
2
What is the hundreds digit of 293392381?
3
What is the millions digit of 72248991?
2
What is the millions digit of 364779427?
4
What is the millions digit of 82958986?
2
What is the tens digit of 141564098?
9
What is the hundred thousands digit of 42326497?
3
What is the ten millions digit of 441113892?
4
What is the millions digit of 263976329?
3
What is the ten thousands digit of 39349225?
4
What is the thousands digit of 4372984?
2
What is the thousands digit of 16783242?
3
What is the ten thousands digit of 160378337?
7
What is the tens digit of 68110326?
2
What is the hundreds digit of 699323018?
0
What is the hundred thousands digit of 24400230?
4
What is the hundred millions digit of 3690733650?
6
What is the thousands digit of 219136601?
6
What is the units digit of 1488543639?
9
What is the hundred millions digit of 246104969?
2
What is the hundred millions digit of 391081732?
3
What is the units digit of 321203567?
7
What is the millions digit of 547453804?
7
What is the millions digit of 442523094?
2
What is the ten thousands digit of 435824966?
2
What is the tens digit of 102918016?
1
What is the units digit of 183584682?
2
What is the tens digit of 3865367999?
9
What is the ten millions digit of 2089989432?
8
What is the units digit of 842306150?
0
What is the hundred thousands digit of 1062928642?
9
What is the ten thousands digit of 2198868531?
6
What is the hundred thousands digit of 8010371?
0
What is the hundreds digit of 114391263?
2
What is the ten millions digit of 12693330?
1
What is the thousands digit of 375576972?
6
What is the hundreds digit of 81636469?
4
What is the units digit of 1455563324?
4
What is the hundreds digit of 337424261?
2
What is the tens digit of 43107990?
9
What is the ten thousands digit of 260185113?
8
What is the ten thousands digit of 2288500282?
0
What is the ten millions digit of 25996310?
2
What is the thousands digit of 255878357?
8
What is the ten thousands digit of 842206703?
0
What is the hundred millions digit of 192685803?
1
What is the thousands digit of 366245817?
5
What is the hundred thousands digit of 7382435267?
4
What is the ten thousands digit of 200714049?
1
What is the hundreds digit of 16057679?
6
What is the billions digit of 6336431379?
6
What is the thousands digit of 397365802?
5
What is the ten millions digit of 47286530?
4